{"id":1831,"date":"2018-09-26T10:41:53","date_gmt":"2018-09-26T08:41:53","guid":{"rendered":"http:\/\/doriatolle.com\/?page_id=1831"},"modified":"2019-07-24T22:38:19","modified_gmt":"2019-07-24T20:38:19","slug":"30-anos-de-experiencia","status":"publish","type":"page","link":"https:\/\/doriatolle.com\/index.php\/es\/30-anos-de-experiencia\/","title":{"rendered":"30+ a\u00f1os de experiencia"},"content":{"rendered":"<div class=\"row\">\n<p>Nuestra experiencia en la pr\u00e1ctica de la abogac\u00eda y ofreciendo asesoramiento legal suma m\u00e1s de 30 a\u00f1os.\u00a0 Durante este tiempo hemos asesorado a un gran n\u00famero de grupos locales y extranjeros, empresas familiares y emprendedores en varios sectores o industrias, defendiendo sus intereses en Espa\u00f1a y en el extranjero.<\/p>\n<p>Pero esto no significa que nos fijemos s\u00f3lo en el pasado.\u00a0 Como la ley y el negocio est\u00e1n sujetos a cambios, evoluci\u00f3n (y revoluci\u00f3n), nuestra experiencia nos ayuda a identificar las tendencias, los temas legales innovadores y a nunca olvidar que nuestro asesoramiento s\u00f3lo es valorado si estamos cerca de nuestros clientes, de los retos de sus negocios y de sus implicaciones legales.<\/p>\n<\/div>\n","protected":false},"excerpt":{"rendered":"<p>Nuestra experiencia en la pr\u00e1ctica de la abogac\u00eda y ofreciendo asesoramiento legal suma m\u00e1s de 30 a\u00f1os.\u00a0 Durante este tiempo hemos asesorado a un gran n\u00famero de grupos locales y extranjeros, empresas familiares y emprendedores en varios sectores o industrias, defendiendo sus intereses en Espa\u00f1a y en el extranjero. Pero esto no significa que nos fijemos s\u00f3lo en el pasado.\u00a0&#8230;<\/p>\n","protected":false},"author":1,"featured_media":0,"parent":0,"menu_order":0,"comment_status":"closed","ping_status":"closed","template":"my-templates\/template-fullwidth.php","meta":[],"_links":{"self":[{"href":"https:\/\/doriatolle.com\/index.php\/wp-json\/wp\/v2\/pages\/1831"}],"collection":[{"href":"https:\/\/doriatolle.com\/index.php\/wp-json\/wp\/v2\/pages"}],"about":[{"href":"https:\/\/doriatolle.com\/index.php\/wp-json\/wp\/v2\/types\/page"}],"author":[{"embeddable":true,"href":"https:\/\/doriatolle.com\/index.php\/wp-json\/wp\/v2\/users\/1"}],"replies":[{"embeddable":true,"href":"https:\/\/doriatolle.com\/index.php\/wp-json\/wp\/v2\/comments?post=1831"}],"version-history":[{"count":2,"href":"https:\/\/doriatolle.com\/index.php\/wp-json\/wp\/v2\/pages\/1831\/revisions"}],"predecessor-version":[{"id":2564,"href":"https:\/\/doriatolle.com\/index.php\/wp-json\/wp\/v2\/pages\/1831\/revisions\/2564"}],"wp:attachment":[{"href":"https:\/\/doriatolle.com\/index.php\/wp-json\/wp\/v2\/media?parent=1831"}],"curies":[{"name":"wp","href":"https:\/\/api.w.org\/{rel}","templated":true}]}}