{"id":1834,"date":"2018-09-26T10:44:41","date_gmt":"2018-09-26T08:44:41","guid":{"rendered":"http:\/\/doriatolle.com\/?page_id=1834"},"modified":"2019-07-24T22:40:35","modified_gmt":"2019-07-24T20:40:35","slug":"100-dedicacion-completa","status":"publish","type":"page","link":"https:\/\/doriatolle.com\/index.php\/es\/100-dedicacion-completa\/","title":{"rendered":"100% dedicaci\u00f3n completa"},"content":{"rendered":"<div class=\"row\">\n<div class=\"col-md-12\">\n<p>Nuestro objetivo es defender los intereses de nuestros clientes, ofreci\u00e9ndoles un asesoramiento legal con criterio para que la operaci\u00f3n sea factible t\u00e9cnicamente y para ayudarles a conseguir que la misma se lleve a cabo.\u00a0 Trabajamos para encontrar la alternativa correcta para estructurar cada transacci\u00f3n o contrato, para minimizar los riesgos sin dejar de conseguir el objetivo.<\/p>\n<\/div>\n<\/div>\n","protected":false},"excerpt":{"rendered":"<p>Nuestro objetivo es defender los intereses de nuestros clientes, ofreci\u00e9ndoles un asesoramiento legal con criterio para que la operaci\u00f3n sea factible t\u00e9cnicamente y para ayudarles a conseguir que la misma se lleve a cabo.\u00a0 Trabajamos para encontrar la alternativa correcta para estructurar cada transacci\u00f3n o contrato, para minimizar los riesgos sin dejar de conseguir el objetivo.<\/p>\n","protected":false},"author":1,"featured_media":0,"parent":0,"menu_order":0,"comment_status":"closed","ping_status":"closed","template":"my-templates\/template-fullwidth.php","meta":[],"_links":{"self":[{"href":"https:\/\/doriatolle.com\/index.php\/wp-json\/wp\/v2\/pages\/1834"}],"collection":[{"href":"https:\/\/doriatolle.com\/index.php\/wp-json\/wp\/v2\/pages"}],"about":[{"href":"https:\/\/doriatolle.com\/index.php\/wp-json\/wp\/v2\/types\/page"}],"author":[{"embeddable":true,"href":"https:\/\/doriatolle.com\/index.php\/wp-json\/wp\/v2\/users\/1"}],"replies":[{"embeddable":true,"href":"https:\/\/doriatolle.com\/index.php\/wp-json\/wp\/v2\/comments?post=1834"}],"version-history":[{"count":4,"href":"https:\/\/doriatolle.com\/index.php\/wp-json\/wp\/v2\/pages\/1834\/revisions"}],"predecessor-version":[{"id":2575,"href":"https:\/\/doriatolle.com\/index.php\/wp-json\/wp\/v2\/pages\/1834\/revisions\/2575"}],"wp:attachment":[{"href":"https:\/\/doriatolle.com\/index.php\/wp-json\/wp\/v2\/media?parent=1834"}],"curies":[{"name":"wp","href":"https:\/\/api.w.org\/{rel}","templated":true}]}}